factors of 250765860.
2, 3, 5, 103, 40577
What are the prime factors of 9062242286?
2, 83, 54591821
What are the prime factors of 69159812?
2, 67, 151, 1709
What are the prime factors of 29320265?
5, 13, 31, 14551
List the prime factors of 290080467.
3, 19, 29761
List the prime factors of 1724536396.
2, 11, 4517, 8677
What are the prime factors of 636083142?
2, 3, 106013857
What are the prime factors of 197603845?
5, 39520769
What are the prime factors of 93058235?
5, 43, 239, 1811
List the prime factors of 430437405.
3, 5, 349, 82223
List the prime factors of 4494562332.
2, 3, 13, 29, 993493
What are the prime factors of 85807914?
2, 3, 19, 752701
What are the prime factors of 791203317?
3, 29, 9094291
List the prime factors of 46299186.
2, 3, 521, 4937
List the prime factors of 35970333.
3, 7, 173, 9901
What are the prime factors of 286282071?
3, 31809119
What are the prime factors of 230378755?
5, 29, 1588819
What are the prime factors of 622446090?
2, 3, 5, 7, 97, 30557
List the prime factors of 12797582.
2, 7, 241, 3793
List the prime factors of 3523681987.
7, 17, 29610773
List the prime factors of 595277259.
3, 73, 293, 9277
List the prime factors of 1046169347.
97, 2393, 4507
List the prime factors of 251342009.
43, 317, 18439
List the prime factors of 4791070034.
2, 557, 1201, 3581
List the prime factors of 62217789.
3, 29, 479, 1493
What are the prime factors of 151892580?
2, 3, 5, 7, 361649
What are the prime factors of 952592688?
2, 3, 17, 41, 9491
What are the prime factors of 976765838?
2, 17, 863, 33289
List the prime factors of 1089154210.
2, 5, 4261, 25561
What are the prime factors of 501777226?
2, 193, 1299941
List the prime factors of 21491108.
2, 23, 233599
List the prime factors of 136906884.
2, 3, 3802969
What are the prime factors of 566578690?
2, 5, 101, 560969
List the prime factors of 26031311.
19, 1370069
List the prime factors of 48881656.
2, 6110207
What are the prime factors of 1499444803?
173, 2087, 4153
List the prime factors of 449379670.
2, 5, 43, 107, 9767
What are the prime factors of 80912602?
2, 19, 2129279
What are the prime factors of 188988576?
2, 3, 7, 281233
List the prime factors of 65210043.
3, 139, 353, 443
List the prime factors of 37123327.
41, 83, 10909
List the prime factors of 9167091.
3, 293, 10429
List the prime factors of 4081387235.
5, 816277447
What are the prime factors of 1286528595?
3, 5, 11, 29, 313, 859
What are the prime factors of 1206144321?
3, 402048107
List the prime factors of 6441408395.
5, 1288281679
What are the prime factors of 612050633?
37, 16541909
What are the prime factors of 2062049059?
7, 10243, 28759
What are the prime factors of 30029061?
3, 73, 137119
List the prime factors of 2692874360.
2, 5, 11, 311, 1789
List the prime factors of 786572707.
786572707
List the prime factors of 817317769.
817317769
What are the prime factors of 103197520?
2, 5, 1289969
What are the prime factors of 608762090?
2, 5, 19, 3204011
What are the prime factors of 84190394?
2, 53, 794249
List the prime factors of 6600100242.
2, 3, 7759, 141773
List the prime factors of 770922558.
2, 3, 7, 6118433
List the prime factors of 254565839.
11, 103, 224683
List the prime factors of 130635262.
2, 23, 653, 4349
List the prime factors of 117536282.
2, 1427, 41183
List the prime factors of 3996030493.
7, 13, 43912423
What are the prime factors of 587519248?
2, 67, 548059
What are the prime factors of 61059817?
7, 13, 670987
What are the prime factors of 10467877?
7, 43, 83, 419
What are the prime factors of 1979415215?
5, 395883043
What are the prime factors of 59322723?
3, 19774241
What are the prime factors of 3828542217?
3, 359, 3554821
List the prime factors of 94062704.
2, 53, 110923
List the prime factors of 77795465.
5, 11, 1414463
What are the prime factors of 717571354?
2, 83, 359, 12041
List the prime factors of 157223745.
3, 5, 7, 23, 21701
What are the prime factors of 67889912?
2, 89, 97, 983
List the prime factors of 108207711.
3, 59, 67927
What are the prime factors of 428134405?
5, 3319, 25799
List the prime factors of 6103026439.
6491, 940229
What are the prime factors of 1041884938?
2, 520942469
What are the prime factors of 673548631?
7, 2659, 36187
What are the prime factors of 220529821?
220529821
List the prime factors of 1416809649.
3, 16097, 29339
What are the prime factors of 1255437755?
5, 11, 13, 673, 2609
List the prime factors of 2295259622.
2, 19, 41, 103, 14303
What are the prime factors of 129747956?
2, 13, 71, 113, 311
What are the prime factors of 91648572?
2, 3, 7637381
List the prime factors of 16868723.
47, 358909
List the prime factors of 992512913.
7, 141787559
What are the prime factors of 9685088?
2, 7, 43237
What are the prime factors of 185913647?
3217, 57791
List the prime factors of 31669515.
3, 5, 234589
What are the prime factors of 188665774?
2, 11, 1289, 6653
What are the prime factors of 505861954?
2, 13, 23, 65071
List the prime factors of 913514017.
13, 70270309
What are the prime factors of 51359700?
2, 3, 5, 7, 37, 661
List the prime factors of 35065706.
2, 13, 59, 22859
What are the prime factors of 5084242307?
1471, 3456317
List the prime factors of 4998157620.
2, 3, 5, 7951, 10477
List the prime factors of 533371184.
2, 97, 343667
List the prime factors of 52280774.
2, 7, 13, 287257
List the prime factors of 725742362.
2, 59, 1361, 4519
What are the prime factors of 1827411357?
3, 609137119
What are the prime factors of 4710023901?
3, 11, 191, 249089
List the prime factors of 473926754.
2, 7, 107, 316373
What are the prime factors of 241584404?
2, 60396101
What are the prime factors of 897763085?
5, 179552617
What are the prime factors of 2132328148?
2, 47, 11342171
What are the prime factors of 62441777?
89, 701593
List the prime factors of 437933016.
2, 3, 2237, 2719
What are the prime factors of 122827905?
3, 5, 29, 94121
List the prime factors of 1226314772.
2, 306578693
What are the prime factors of 579160668?
2, 3, 1063, 45403
List the prime factors of 711650995.
5, 11, 12939109
List the prime factors of 979408964.
2, 17, 83, 173531
List the prime factors of 47499569.
13, 283, 12911
List the prime factors of 51655771.
43, 181, 6637
What are the prime factors of 96097531?
96097531
What are the prime factors of 326649707?
29, 107, 105269
What are the prime factors of 814830097?
814830097
List the prime factors of 1019411525.
5, 11, 193, 19207
What are the prime factors of 7140666688?
2, 43, 2594719
What are the prime factors of 212098381?
11, 19281671
List the prime factors of 439372894.
2, 433, 507359
What are the prime factors of 12009650?
2, 5, 17, 71, 199
List the prime factors of 232254798.
2, 3, 53, 59, 12379
What are the prime factors of 225804263?
97, 2327879
List the prime factors of 3032632673.
7, 1483, 292133
List the prime factors of 4469016973.
4469016973
List the prime factors of 38544038.
2, 13, 53, 83, 337
List the prime factors of 6421208016.
2, 3, 83, 1611749
What are the prime factors of 1220381136?
2, 3, 13, 651913
What are the prime factors of 278537051?
13, 229, 93563
What are the prime factors of 83385951?
3, 11, 2526847
What are the prime factors of 72939930?
2, 3, 5, 7, 29, 59
List the prime factors of 571455177.
3, 257, 741187
List the prime factors of 1449270582.
2, 3, 193, 1251529
List the prime factors of 4543480662.
2, 3, 7, 173, 625307
List the prime factors of 1611279061.
7, 179, 1285937
List the prime factors of 1241114438.
2, 83, 7476593
What are the prime factors of 1448257329?
3, 43, 3742267
What are the prime factors of 362424934?
2, 181212467
What are the prime factors of 237795904?
2, 3715561
What are the prime factors of 2009346418?
2, 1004673209
What are the prime factors of 66913134?
2, 3, 11152189
What are the prime factors of 164523455?
5, 32904691
List the prime factors of 6037198.
2, 1087, 2777
List the prime factors of 5211184542.
2, 3, 41, 173, 122449
What are the prime factors of 65184907?
223, 292309
What are the prime factors of 1592918356?
2, 398229589
List the prime factors of 2466034.
2, 349, 3533
What are the prime factors of 5110898815?
5, 11, 92925433
What are the prime factors of 3050143683?
3, 1016714561
List the prime factors of 102667823.
102667823
List the prime factors of